/20 - 2*f**3/3 - 5*f**2. Let x be w(3). What is the remainder when 170/4 + x/(-8) is divided by 11?
10
Let b be (-7)/(-2)*((-36)/14)/(-3). Suppose 7 = 5*l + 2*y - 6*y, -3*y = -3*l + b. Calculate the remainder when 14 is divided by l.
2
Let t = -39 + 67. Let o be 120/t + 2/(-7). Suppose 3*m = 2*q + 151, -o*m = 2*q - 132 - 74. Calculate the remainder when m is divided by 13.
12
Suppose 5*z - 5*v = 25, 6 = 4*z + 2*v + v. Let r(a) = -z - 3 + 5 + 0 - 4*a. Calculate the remainder when 18 is divided by r(-2).
4
Let m = -2070 - -2081. Suppose -9 = -4*w + w. Suppose -2*o + w*p = 2, o + 4*o = 2*p + 17. What is the remainder when m is divided by o?
1
Suppose 4*i + 4*d = -16, -3*i + 4*d + 10 + 6 = 0. Let h(x) = 2*x + 9. Calculate the remainder when 34 is divided by h(i).
7
Suppose 14*s - 11*s = -129. Let f = s - -54. What is the remainder when 65 is divided by f?
10
Let j = -11 - -44. Calculate the remainder when (-2 - -1)*(-64 - 1) is divided by j.
32
Let z be (-2)/4*0/(-19). Suppose z = 2*f - 26 - 78. What is the remainder when f is divided by 6?
4
Let d = -434 + 453. Let m = 55 - 19. What is the remainder when m is divided by d?
17
Calculate the remainder when (2 - 588/9)/((-60)/90) is divided by 24.
23
Suppose -17*d = -d - 48. Suppose -d*o + 42 = -96. Calculate the remainder when o is divided by 8.
6
Suppose -499*h = -502*h + 69. What is the remainder when 962 is divided by h?
19
What is the remainder when 127 is divided by 897/26 + -1 + 6/4?
22
Suppose -100*b + 90 = -91*b. Calculate the remainder when 69 is divided by b.
9
Let v(p) = -p**3 + 8*p**2 + 3*p + 5. Calculate the remainder when ((-6248)/(-308))/(2/14) is divided by v(8).
26
Let j = 1351 + -1263. What is the remainder when 434 is divided by j?
82
Let b = 17 - -18. Let g(m) = m**3 - m**2 - 3*m - 3. What is the remainder when 10/b + 68/7 is divided by g(3)?
4
Let t(i) = -i**2 + 19*i - 19. Let a(p) = 3*p - 19. Let q be (-6)/6 - 26/(-2). Let o be a(q). Calculate the remainder when 27 is divided by t(o).
12
Let i = -82 - -88. Calculate the remainder when 4/14 + 450/42 is divided by i.
5
Calculate the remainder when 1295 is divided by (3 + -1)/(208/6136).
56
What is the remainder when ((-41)/(-4))/((-4)/(-48)) is divided by 25?
23
Suppose 4*c - 152 = 4*y, -34 = -c - y - 2. What is the remainder when c is divided by 4?
3
Suppose -1 = t - 6. Suppose 0 = -4*a - p - 10, 2*a + t*p + 16 = -a. What is the remainder when (1/a)/((-2)/264) is divided by 17?
15
Let q be -7 - (-1 - (-8 - -4)). Let s(a) = -a**2 - 12*a - 8. What is the remainder when s(q) is divided by 8?
4
Let h be 3256/32 + (-3)/(-12). Let i = h + -3. Calculate the remainder when i is divided by 26.
21
Suppose -24*b = -27*b + 855. What is the remainder when b is divided by 73?
66
Let d(y) = 9*y + 224. Calculate the remainder when d(-22) is divided by 7.
5
Let d(m) = m**3 + 30*m**2 + 47*m + 16. Let g be d(-28). Let k be 7 - 2/(-2) - 2. Suppose -730 = -k*o - g. What is the remainder when o is divided by 39?
38
Suppose 0 = -11*l + 295 + 46. Calculate the remainder when l is divided by 24.
7
Suppose 3*v + 396 + 57 = 3*g, 5*v - 429 = -3*g. What is the remainder when g is divided by 51?
46
Suppose 0 = -5*x - 2*m + 479, -37*x - 4*m + 279 = -34*x. Calculate the remainder when x is divided by 38.
21
Suppose -5*w - 296 = -i, -2*i + i + 4*w + 291 = 0. Calculate the remainder when i is divided by 34.
33
Let j(s) = -2*s - 9. Let w be j(-6). Suppose t - 3*o = -w*t + 453, 2*o - 2 = 0. Suppose -d = d - t. What is the remainder when d is divided by 15?
12
Let p(a) = -69*a**3 - a**2 - a. Let s(v) = v**3 - 5*v**2 + 16*v - 38. What is the remainder when p(-1) is divided by s(4)?
9
Suppose x + q - 49 + 2 = 0, 4*q + 106 = 3*x. Calculate the remainder when x is divided by (33/((-660)/8))/(5/((-375)/6)).
2
Let s = -120 - -69. Let b = 56 + s. Calculate the remainder when 14 is divided by b.
4
Let g be 28 + 2*3/6. Suppose 2*s + g = 4*s - v, -4*s + 88 = 4*v. Let r = 105 + -55. Calculate the remainder when r is divided by s.
16
Let v(b) = -b + 149. What is the remainder when 723 is divided by v(28)?
118
Let n(l) = -l**2 + 123*l - 1418. Let c(p) = -54*p - 1. What is the remainder when c(-2) is divided by n(13)?
11
Let b(i) = 2*i + 17. Let t(g) = -3*g - 17. Let c(h) = 4*b(h) + 3*t(h). What is the remainder when 4 is divided by c(14)?
1
Calculate the remainder when (7 - (-88)/(-11))/(1/(-131)) is divided by 38.
17
Let l(t) = t**2 - 2*t - 2. Suppose 0*d = 4*d + 24. Calculate the remainder when l(d) is divided by (-4)/(-6) - (-138)/9.
14
Suppose 3*h - 5 = 10. Suppose 2*k + 5*n - 185 = 0, -3*k - n - 215 = -h*k. Calculate the remainder when k is divided by 30.
15
What is the remainder when 194*((-357)/(-6))/17 is divided by 85?
84
Suppose -3*q = 2*l - 32, 8*q - 3*l = 4*q + 71. Let o be -3 + 5 - (-2 + 1*6). What is the remainder when -2*81/12*o is divided by q?
13
Let k = 8 - 6. Suppose -k*t = -t - 2. Suppose 0 = -t*p + 5*p - 108. Calculate the remainder when p is divided by 13.
10
Suppose -19*l + 239 = 87. Let k = 29 - -1. What is the remainder when k is divided by l?
6
Suppose 2*y - 4*y + 4 = 0. Suppose -m - 17 = -y*m. What is the remainder when 636/21 + (-16)/56 is divided by m?
13
Let o(f) = 2*f + 14. Let l be 4/5 + 620/100. What is the remainder when o(l) is divided by 8?
4
Let r = 41 + 41. Calculate the remainder when r is divided by 12.
10
Suppose d + 3*d + 20 = 0. Let c = d - -5. Suppose 4*w - 35 - 65 = c. What is the remainder when w is divided by 9?
7
Suppose 0 = -2*q - 23 + 101. Calculate the remainder when q is divided by 14.
11
Let m = -99 + 174. Suppose -8*q = -3*q - m. Calculate the remainder when q is divided by 6.
3
Suppose -4*p = 3*v + 3 - 488, 5*p + 4*v - 607 = 0. Calculate the remainder when p is divided by 62.
57
Let w be ((-4)/(-5))/((-20)/(-50)). Suppose -w*p + 89 = -25. Calculate the remainder when p is divided by (5 + 1)*5/2.
12
Let y(c) = 3*c**2 + 58*c + 34. Calculate the remainder when 59 is divided by y(-19).
14
Let v(q) = 0*q**2 - 3*q + 3*q**2 + 9*q + 1. Suppose 0 = 2*i - 29 + 15. Calculate the remainder when v(-4) is divided by i.
4
Let d = 0 + 80. Suppose d + 100 = 5*t. Calculate the remainder when t is divided by 10.
6
Suppose 5*m - 117 = 83. Let x = m + -37. Calculate the remainder when x is divided by 2.
1
Suppose 3*d - 545 = 100. Suppose 7*m = 12*m - d. Calculate the remainder when m is divided by 9.
7
Suppose -22*m - 238 = -20*m. Let i = 30 - m. Calculate the remainder when i is divided by 15.
14
Let d(x) = x**3 + 19*x**2 - 70*x + 14. What is the remainder when d(-22) is divided by 22?
14
Let y(f) = 7*f - 2. Suppose -3*z = -4*c + 24, 4*c - 2*z = 8 + 12. What is the remainder when 55 is divided by y(c)?
17
Let f(n) = -n**3 - 6*n**2 - 8*n + 1. Let v = 461 + -435. What is the remainder when f(-6) is divided by v?
23
Let n(w) = -5*w - 3. Suppose -155 - 10 = -11*r. What is the remainder when n(-6) is divided by r?
12
Suppose -2 = -9*z + 7. Calculate the remainder when z is divided by 1.
0
Suppose 11*u - 10*u - 40 = 0. What is the remainder when 36 is divided by u/3 + 8/(-24)?
10
Let s be (-48)/(-96) - (-1)/((-4)/(-242)). Let n = s + -49. What is the remainder when 47 is divided by n?
11
Suppose -s - j + 3*j + 8 = 0, 2*s = 5*j + 18. Suppose -v + 25 = s*v. Let h = 7 + v. What is the remainder when 47 is divided by h?
11
Let b = 2989 - 1773. What is the remainder when b is divided by 23?
20
Let p = -251 + 280. Calculate the remainder when 259 is divided by p.
27
Calculate the remainder when 263 is divided by (1 - (-6 - -11))*(-192)/8.
71
Let t be (33*-2)/(-2) - 2 - -1. Suppose t = 2*z - x, -4*x - 19 = -3*z + 19. What is the remainder when 68 is divided by z?
14
Suppose -r + 5*r - 5*f = -116, 3*f = -2*r - 36. Let i = -211 - -215. Calculate the remainder when 25 is divided by (-9)/i*r/6.
7
Let i(v) = v**2 - 5*v + 7. Calculate the remainder when i(7) is divided by ((-1)/(-5))/(3/1485*9).
10
Let a(t) = 2*t + 29. Suppose 87 = 4*r - j - 13, -2*r = 5*j - 50. Calculate the remainder when r is divided by a(-10).
7
Let w = 263 + -184. Calculate the remainder when w is divided by 35 - (-6 - (2 - 2)).
38
Let l(w) = w + 9. Let m(q) = q**2 + 8*q - 57. Calculate the remainder when m(8) is divided by l(0).
8
Let z = -121 - -290. What is the remainder when z is 